{"id":6,"date":"2026-03-27T14:59:03","date_gmt":"2026-03-27T13:59:03","guid":{"rendered":"https:\/\/wp17.cours-copm2061.helha.be\/?page_id=6"},"modified":"2026-04-30T10:57:09","modified_gmt":"2026-04-30T08:57:09","slug":"notre-concept","status":"publish","type":"page","link":"https:\/\/wp17.cours-copm2061.helha.be\/?page_id=6","title":{"rendered":"Notre concept"},"content":{"rendered":"\n<div style=\"height:40px\" aria-hidden=\"true\" class=\"wp-block-spacer\"><\/div>\n\n\n\n<p class=\"has-text-align-left\">Chez&nbsp;Las Croquetas, on r\u00e9invente la street food espagnole pour les \u00e9tudiants du campus HELHa.<br>Notre id\u00e9e ? Transformer la croquette en un repas complet, gourmand et pratique.<\/p>\n\n\n\n<div style=\"height:40px\" aria-hidden=\"true\" class=\"wp-block-spacer\"><\/div>\n\n\n\n<p>Ce que Las Croquetas offre ? \ud83d\udc47<\/p>\n\n\n\n<div class=\"wp-block-columns is-layout-flex wp-container-core-columns-is-layout-28f84493 wp-block-columns-is-layout-flex\">\n<div class=\"wp-block-column is-layout-flow wp-block-column-is-layout-flow\">\n<h2 class=\"wp-block-heading has-text-align-center is-style-text-annotation has-background has-medium-font-size is-style-text-annotation--1\" style=\"background-color:#ffc587\"><strong>Copieuses<\/strong><\/h2>\n\n\n\n<p class=\"has-text-align-center has-medium-font-size\">Croquettes bien garnies et exquises.<\/p>\n\n\n\n<figure class=\"wp-block-image size-full is-resized\"><img loading=\"lazy\" decoding=\"async\" width=\"512\" height=\"512\" src=\"https:\/\/wp17.cours-copm2061.helha.be\/wp-content\/uploads\/2026\/03\/croquetas_compressed.png\" alt=\"\" class=\"wp-image-77\" style=\"width:144px;height:auto\" srcset=\"https:\/\/wp17.cours-copm2061.helha.be\/wp-content\/uploads\/2026\/03\/croquetas_compressed.png 512w, https:\/\/wp17.cours-copm2061.helha.be\/wp-content\/uploads\/2026\/03\/croquetas_compressed-300x300.png 300w, https:\/\/wp17.cours-copm2061.helha.be\/wp-content\/uploads\/2026\/03\/croquetas_compressed-150x150.png 150w\" sizes=\"auto, (max-width: 512px) 100vw, 512px\" \/><\/figure>\n<\/div>\n\n\n\n<div class=\"wp-block-column is-layout-flow wp-block-column-is-layout-flow\">\n<h2 class=\"wp-block-heading has-text-align-center is-style-text-annotation has-background has-medium-font-size is-style-text-annotation--2\" style=\"background-color:#ffc587\"><strong>Vari\u00e9t\u00e9s <\/strong><\/h2>\n\n\n\n<p class=\"has-text-align-center has-medium-font-size\">Recettes classiques et cr\u00e9ations du jour.<\/p>\n\n\n\n<figure class=\"wp-block-image size-large\"><img loading=\"lazy\" decoding=\"async\" width=\"1024\" height=\"683\" src=\"https:\/\/wp17.cours-copm2061.helha.be\/wp-content\/uploads\/2026\/04\/croquettes_plate_compressed_v2-1024x683.jpg\" alt=\"\" class=\"wp-image-89\" srcset=\"https:\/\/wp17.cours-copm2061.helha.be\/wp-content\/uploads\/2026\/04\/croquettes_plate_compressed_v2-1024x683.jpg 1024w, https:\/\/wp17.cours-copm2061.helha.be\/wp-content\/uploads\/2026\/04\/croquettes_plate_compressed_v2-300x200.jpg 300w, https:\/\/wp17.cours-copm2061.helha.be\/wp-content\/uploads\/2026\/04\/croquettes_plate_compressed_v2-768x512.jpg 768w, https:\/\/wp17.cours-copm2061.helha.be\/wp-content\/uploads\/2026\/04\/croquettes_plate_compressed_v2.jpg 1536w\" sizes=\"auto, (max-width: 1024px) 100vw, 1024px\" \/><\/figure>\n<\/div>\n\n\n\n<div class=\"wp-block-column is-layout-flow wp-block-column-is-layout-flow\">\n<h2 class=\"wp-block-heading has-text-align-center is-style-text-annotation has-background has-medium-font-size is-style-text-annotation--3\" style=\"background-color:#ffc587\"><strong>Options<\/strong> <\/h2>\n\n\n\n<p class=\"has-text-align-center has-medium-font-size\">Viandes, poissons et v\u00e9g\u00e9tariennes.<\/p>\n\n\n\n<figure class=\"wp-block-image size-large\"><img loading=\"lazy\" decoding=\"async\" width=\"1024\" height=\"683\" src=\"https:\/\/wp17.cours-copm2061.helha.be\/wp-content\/uploads\/2026\/04\/image_compressee-1024x683.jpg\" alt=\"\" class=\"wp-image-91\" srcset=\"https:\/\/wp17.cours-copm2061.helha.be\/wp-content\/uploads\/2026\/04\/image_compressee-1024x683.jpg 1024w, https:\/\/wp17.cours-copm2061.helha.be\/wp-content\/uploads\/2026\/04\/image_compressee-300x200.jpg 300w, https:\/\/wp17.cours-copm2061.helha.be\/wp-content\/uploads\/2026\/04\/image_compressee-768x512.jpg 768w, https:\/\/wp17.cours-copm2061.helha.be\/wp-content\/uploads\/2026\/04\/image_compressee.jpg 1536w\" sizes=\"auto, (max-width: 1024px) 100vw, 1024px\" \/><\/figure>\n<\/div>\n<\/div>\n\n\n\n<div class=\"wp-block-columns is-layout-flex wp-container-core-columns-is-layout-28f84493 wp-block-columns-is-layout-flex\">\n<div class=\"wp-block-column is-vertically-aligned-center is-layout-flow wp-block-column-is-layout-flow\">\n<h2 class=\"wp-block-heading has-text-align-center is-style-text-annotation has-background has-medium-font-size is-style-text-annotation--4\" style=\"background-color:#ffc587\"><strong>Rapidit\u00e9s<\/strong> <\/h2>\n\n\n\n<p class=\"has-text-align-center has-medium-font-size\">Id\u00e9al pour les \u00e9tudiants press\u00e9es.<\/p>\n\n\n\n<figure class=\"wp-block-image size-large\"><img loading=\"lazy\" decoding=\"async\" width=\"1024\" height=\"683\" src=\"https:\/\/wp17.cours-copm2061.helha.be\/wp-content\/uploads\/2026\/04\/etudiant_presse_compresse-1024x683.jpg\" alt=\"\" class=\"wp-image-94\" srcset=\"https:\/\/wp17.cours-copm2061.helha.be\/wp-content\/uploads\/2026\/04\/etudiant_presse_compresse-1024x683.jpg 1024w, https:\/\/wp17.cours-copm2061.helha.be\/wp-content\/uploads\/2026\/04\/etudiant_presse_compresse-300x200.jpg 300w, https:\/\/wp17.cours-copm2061.helha.be\/wp-content\/uploads\/2026\/04\/etudiant_presse_compresse-768x512.jpg 768w, https:\/\/wp17.cours-copm2061.helha.be\/wp-content\/uploads\/2026\/04\/etudiant_presse_compresse.jpg 1536w\" sizes=\"auto, (max-width: 1024px) 100vw, 1024px\" \/><\/figure>\n<\/div>\n\n\n\n<div class=\"wp-block-column is-vertically-aligned-center is-layout-flow wp-block-column-is-layout-flow\"><\/div>\n\n\n\n<div class=\"wp-block-column is-vertically-aligned-center is-layout-flow wp-block-column-is-layout-flow\">\n<h2 class=\"wp-block-heading has-text-align-center is-style-text-annotation has-background has-medium-font-size is-style-text-annotation--5\" style=\"background-color:#ffc587\"><strong>Ton choix<\/strong> <\/h2>\n\n\n\n<p class=\"has-text-align-center has-medium-font-size\">Compose ton pack repas sur mesure.<\/p>\n\n\n\n<figure class=\"wp-block-image aligncenter size-large\"><img loading=\"lazy\" decoding=\"async\" width=\"1155\" height=\"770\" src=\"https:\/\/wp17.cours-copm2061.helha.be\/wp-content\/uploads\/2026\/03\/ton_choix_compressed-edited-1.jpg\" alt=\"\" class=\"wp-image-75\" style=\"aspect-ratio:1.499330655957162\" srcset=\"https:\/\/wp17.cours-copm2061.helha.be\/wp-content\/uploads\/2026\/03\/ton_choix_compressed-edited-1.jpg 1155w, https:\/\/wp17.cours-copm2061.helha.be\/wp-content\/uploads\/2026\/03\/ton_choix_compressed-edited-1-300x200.jpg 300w, https:\/\/wp17.cours-copm2061.helha.be\/wp-content\/uploads\/2026\/03\/ton_choix_compressed-edited-1-1024x683.jpg 1024w, https:\/\/wp17.cours-copm2061.helha.be\/wp-content\/uploads\/2026\/03\/ton_choix_compressed-edited-1-768x512.jpg 768w\" sizes=\"auto, (max-width: 1155px) 100vw, 1155px\" \/><\/figure>\n<\/div>\n<\/div>\n\n\n\n<p><\/p>\n","protected":false},"excerpt":{"rendered":"<p>Chez&nbsp;Las Croquetas, on r\u00e9invente la street food espagnole pour les \u00e9tudiants du campus HELHa.Notre id\u00e9e ? Transformer la croquette en un repas complet, gourmand et pratique. Ce que Las Croquetas offre ? \ud83d\udc47 Copieuses Croquettes bien garnies et exquises. Vari\u00e9t\u00e9s Recettes classiques et cr\u00e9ations du jour. Options Viandes, poissons et v\u00e9g\u00e9tariennes. Rapidit\u00e9s Id\u00e9al pour les [&hellip;]<\/p>\n","protected":false},"author":1,"featured_media":0,"parent":0,"menu_order":0,"comment_status":"closed","ping_status":"closed","template":"","meta":{"footnotes":""},"class_list":["post-6","page","type-page","status-publish","hentry"],"yoast_head":"<!-- This site is optimized with the Yoast SEO plugin v27.2 - https:\/\/yoast.com\/product\/yoast-seo-wordpress\/ -->\n<title>Notre concept - LAS CROQUETAS<\/title>\n<meta name=\"robots\" content=\"index, follow, max-snippet:-1, max-image-preview:large, max-video-preview:-1\" \/>\n<link rel=\"canonical\" href=\"https:\/\/wp17.cours-copm2061.helha.be\/?page_id=6\" \/>\n<meta property=\"og:locale\" content=\"fr_FR\" \/>\n<meta property=\"og:type\" content=\"article\" \/>\n<meta property=\"og:title\" content=\"Notre concept - LAS CROQUETAS\" \/>\n<meta property=\"og:description\" content=\"Chez&nbsp;Las Croquetas, on r\u00e9invente la street food espagnole pour les \u00e9tudiants du campus HELHa.Notre id\u00e9e ? Transformer la croquette en un repas complet, gourmand et pratique. Ce que Las Croquetas offre ? \ud83d\udc47 Copieuses Croquettes bien garnies et exquises. Vari\u00e9t\u00e9s Recettes classiques et cr\u00e9ations du jour. Options Viandes, poissons et v\u00e9g\u00e9tariennes. Rapidit\u00e9s Id\u00e9al pour les [&hellip;]\" \/>\n<meta property=\"og:url\" content=\"https:\/\/wp17.cours-copm2061.helha.be\/?page_id=6\" \/>\n<meta property=\"og:site_name\" content=\"LAS CROQUETAS\" \/>\n<meta property=\"article:modified_time\" content=\"2026-04-30T08:57:09+00:00\" \/>\n<meta property=\"og:image\" content=\"https:\/\/wp17.cours-copm2061.helha.be\/wp-content\/uploads\/2026\/03\/croquetas_compressed.png\" \/>\n\t<meta property=\"og:image:width\" content=\"512\" \/>\n\t<meta property=\"og:image:height\" content=\"512\" \/>\n\t<meta property=\"og:image:type\" content=\"image\/png\" \/>\n<meta name=\"twitter:card\" content=\"summary_large_image\" \/>\n<meta name=\"twitter:label1\" content=\"Dur\u00e9e de lecture estim\u00e9e\" \/>\n\t<meta name=\"twitter:data1\" content=\"2 minutes\" \/>\n<script type=\"application\/ld+json\" class=\"yoast-schema-graph\">{\"@context\":\"https:\/\/schema.org\",\"@graph\":[{\"@type\":\"WebPage\",\"@id\":\"https:\/\/wp17.cours-copm2061.helha.be\/?page_id=6\",\"url\":\"https:\/\/wp17.cours-copm2061.helha.be\/?page_id=6\",\"name\":\"Notre concept - LAS CROQUETAS\",\"isPartOf\":{\"@id\":\"https:\/\/wp17.cours-copm2061.helha.be\/#website\"},\"primaryImageOfPage\":{\"@id\":\"https:\/\/wp17.cours-copm2061.helha.be\/?page_id=6#primaryimage\"},\"image\":{\"@id\":\"https:\/\/wp17.cours-copm2061.helha.be\/?page_id=6#primaryimage\"},\"thumbnailUrl\":\"https:\/\/wp17.cours-copm2061.helha.be\/wp-content\/uploads\/2026\/03\/croquetas_compressed.png\",\"datePublished\":\"2026-03-27T13:59:03+00:00\",\"dateModified\":\"2026-04-30T08:57:09+00:00\",\"breadcrumb\":{\"@id\":\"https:\/\/wp17.cours-copm2061.helha.be\/?page_id=6#breadcrumb\"},\"inLanguage\":\"fr-FR\",\"potentialAction\":[{\"@type\":\"ReadAction\",\"target\":[\"https:\/\/wp17.cours-copm2061.helha.be\/?page_id=6\"]}]},{\"@type\":\"ImageObject\",\"inLanguage\":\"fr-FR\",\"@id\":\"https:\/\/wp17.cours-copm2061.helha.be\/?page_id=6#primaryimage\",\"url\":\"https:\/\/wp17.cours-copm2061.helha.be\/wp-content\/uploads\/2026\/03\/croquetas_compressed.png\",\"contentUrl\":\"https:\/\/wp17.cours-copm2061.helha.be\/wp-content\/uploads\/2026\/03\/croquetas_compressed.png\",\"width\":512,\"height\":512},{\"@type\":\"BreadcrumbList\",\"@id\":\"https:\/\/wp17.cours-copm2061.helha.be\/?page_id=6#breadcrumb\",\"itemListElement\":[{\"@type\":\"ListItem\",\"position\":1,\"name\":\"Accueil\",\"item\":\"https:\/\/wp17.cours-copm2061.helha.be\/\"},{\"@type\":\"ListItem\",\"position\":2,\"name\":\"Notre concept\"}]},{\"@type\":\"WebSite\",\"@id\":\"https:\/\/wp17.cours-copm2061.helha.be\/#website\",\"url\":\"https:\/\/wp17.cours-copm2061.helha.be\/\",\"name\":\"LAS CROQUETAS\",\"description\":\"Croquez, savourez et finissez rassasi\u00e9\",\"publisher\":{\"@id\":\"https:\/\/wp17.cours-copm2061.helha.be\/#organization\"},\"potentialAction\":[{\"@type\":\"SearchAction\",\"target\":{\"@type\":\"EntryPoint\",\"urlTemplate\":\"https:\/\/wp17.cours-copm2061.helha.be\/?s={search_term_string}\"},\"query-input\":{\"@type\":\"PropertyValueSpecification\",\"valueRequired\":true,\"valueName\":\"search_term_string\"}}],\"inLanguage\":\"fr-FR\"},{\"@type\":\"Organization\",\"@id\":\"https:\/\/wp17.cours-copm2061.helha.be\/#organization\",\"name\":\"LAS CROQUETAS\",\"url\":\"https:\/\/wp17.cours-copm2061.helha.be\/\",\"logo\":{\"@type\":\"ImageObject\",\"inLanguage\":\"fr-FR\",\"@id\":\"https:\/\/wp17.cours-copm2061.helha.be\/#\/schema\/logo\/image\/\",\"url\":\"https:\/\/wp17.cours-copm2061.helha.be\/wp-content\/uploads\/2026\/04\/Capture-decran-2026-03-26-a-14.35.58.png\",\"contentUrl\":\"https:\/\/wp17.cours-copm2061.helha.be\/wp-content\/uploads\/2026\/04\/Capture-decran-2026-03-26-a-14.35.58.png\",\"width\":1203,\"height\":1182,\"caption\":\"LAS CROQUETAS\"},\"image\":{\"@id\":\"https:\/\/wp17.cours-copm2061.helha.be\/#\/schema\/logo\/image\/\"}}]}<\/script>\n<!-- \/ Yoast SEO plugin. -->","yoast_head_json":{"title":"Notre concept - LAS CROQUETAS","robots":{"index":"index","follow":"follow","max-snippet":"max-snippet:-1","max-image-preview":"max-image-preview:large","max-video-preview":"max-video-preview:-1"},"canonical":"https:\/\/wp17.cours-copm2061.helha.be\/?page_id=6","og_locale":"fr_FR","og_type":"article","og_title":"Notre concept - LAS CROQUETAS","og_description":"Chez&nbsp;Las Croquetas, on r\u00e9invente la street food espagnole pour les \u00e9tudiants du campus HELHa.Notre id\u00e9e ? Transformer la croquette en un repas complet, gourmand et pratique. Ce que Las Croquetas offre ? \ud83d\udc47 Copieuses Croquettes bien garnies et exquises. Vari\u00e9t\u00e9s Recettes classiques et cr\u00e9ations du jour. Options Viandes, poissons et v\u00e9g\u00e9tariennes. Rapidit\u00e9s Id\u00e9al pour les [&hellip;]","og_url":"https:\/\/wp17.cours-copm2061.helha.be\/?page_id=6","og_site_name":"LAS CROQUETAS","article_modified_time":"2026-04-30T08:57:09+00:00","og_image":[{"width":512,"height":512,"url":"https:\/\/wp17.cours-copm2061.helha.be\/wp-content\/uploads\/2026\/03\/croquetas_compressed.png","type":"image\/png"}],"twitter_card":"summary_large_image","twitter_misc":{"Dur\u00e9e de lecture estim\u00e9e":"2 minutes"},"schema":{"@context":"https:\/\/schema.org","@graph":[{"@type":"WebPage","@id":"https:\/\/wp17.cours-copm2061.helha.be\/?page_id=6","url":"https:\/\/wp17.cours-copm2061.helha.be\/?page_id=6","name":"Notre concept - LAS CROQUETAS","isPartOf":{"@id":"https:\/\/wp17.cours-copm2061.helha.be\/#website"},"primaryImageOfPage":{"@id":"https:\/\/wp17.cours-copm2061.helha.be\/?page_id=6#primaryimage"},"image":{"@id":"https:\/\/wp17.cours-copm2061.helha.be\/?page_id=6#primaryimage"},"thumbnailUrl":"https:\/\/wp17.cours-copm2061.helha.be\/wp-content\/uploads\/2026\/03\/croquetas_compressed.png","datePublished":"2026-03-27T13:59:03+00:00","dateModified":"2026-04-30T08:57:09+00:00","breadcrumb":{"@id":"https:\/\/wp17.cours-copm2061.helha.be\/?page_id=6#breadcrumb"},"inLanguage":"fr-FR","potentialAction":[{"@type":"ReadAction","target":["https:\/\/wp17.cours-copm2061.helha.be\/?page_id=6"]}]},{"@type":"ImageObject","inLanguage":"fr-FR","@id":"https:\/\/wp17.cours-copm2061.helha.be\/?page_id=6#primaryimage","url":"https:\/\/wp17.cours-copm2061.helha.be\/wp-content\/uploads\/2026\/03\/croquetas_compressed.png","contentUrl":"https:\/\/wp17.cours-copm2061.helha.be\/wp-content\/uploads\/2026\/03\/croquetas_compressed.png","width":512,"height":512},{"@type":"BreadcrumbList","@id":"https:\/\/wp17.cours-copm2061.helha.be\/?page_id=6#breadcrumb","itemListElement":[{"@type":"ListItem","position":1,"name":"Accueil","item":"https:\/\/wp17.cours-copm2061.helha.be\/"},{"@type":"ListItem","position":2,"name":"Notre concept"}]},{"@type":"WebSite","@id":"https:\/\/wp17.cours-copm2061.helha.be\/#website","url":"https:\/\/wp17.cours-copm2061.helha.be\/","name":"LAS CROQUETAS","description":"Croquez, savourez et finissez rassasi\u00e9","publisher":{"@id":"https:\/\/wp17.cours-copm2061.helha.be\/#organization"},"potentialAction":[{"@type":"SearchAction","target":{"@type":"EntryPoint","urlTemplate":"https:\/\/wp17.cours-copm2061.helha.be\/?s={search_term_string}"},"query-input":{"@type":"PropertyValueSpecification","valueRequired":true,"valueName":"search_term_string"}}],"inLanguage":"fr-FR"},{"@type":"Organization","@id":"https:\/\/wp17.cours-copm2061.helha.be\/#organization","name":"LAS CROQUETAS","url":"https:\/\/wp17.cours-copm2061.helha.be\/","logo":{"@type":"ImageObject","inLanguage":"fr-FR","@id":"https:\/\/wp17.cours-copm2061.helha.be\/#\/schema\/logo\/image\/","url":"https:\/\/wp17.cours-copm2061.helha.be\/wp-content\/uploads\/2026\/04\/Capture-decran-2026-03-26-a-14.35.58.png","contentUrl":"https:\/\/wp17.cours-copm2061.helha.be\/wp-content\/uploads\/2026\/04\/Capture-decran-2026-03-26-a-14.35.58.png","width":1203,"height":1182,"caption":"LAS CROQUETAS"},"image":{"@id":"https:\/\/wp17.cours-copm2061.helha.be\/#\/schema\/logo\/image\/"}}]}},"_links":{"self":[{"href":"https:\/\/wp17.cours-copm2061.helha.be\/index.php?rest_route=\/wp\/v2\/pages\/6","targetHints":{"allow":["GET"]}}],"collection":[{"href":"https:\/\/wp17.cours-copm2061.helha.be\/index.php?rest_route=\/wp\/v2\/pages"}],"about":[{"href":"https:\/\/wp17.cours-copm2061.helha.be\/index.php?rest_route=\/wp\/v2\/types\/page"}],"author":[{"embeddable":true,"href":"https:\/\/wp17.cours-copm2061.helha.be\/index.php?rest_route=\/wp\/v2\/users\/1"}],"replies":[{"embeddable":true,"href":"https:\/\/wp17.cours-copm2061.helha.be\/index.php?rest_route=%2Fwp%2Fv2%2Fcomments&post=6"}],"version-history":[{"count":16,"href":"https:\/\/wp17.cours-copm2061.helha.be\/index.php?rest_route=\/wp\/v2\/pages\/6\/revisions"}],"predecessor-version":[{"id":192,"href":"https:\/\/wp17.cours-copm2061.helha.be\/index.php?rest_route=\/wp\/v2\/pages\/6\/revisions\/192"}],"wp:attachment":[{"href":"https:\/\/wp17.cours-copm2061.helha.be\/index.php?rest_route=%2Fwp%2Fv2%2Fmedia&parent=6"}],"curies":[{"name":"wp","href":"https:\/\/api.w.org\/{rel}","templated":true}]}}